{"id":359,"date":"2024-08-28T08:55:35","date_gmt":"2024-08-28T06:55:35","guid":{"rendered":"https:\/\/www.lindforsarkitekt.se\/?page_id=359"},"modified":"2024-08-28T09:05:04","modified_gmt":"2024-08-28T07:05:04","slug":"goteborg-energi-marieholm","status":"publish","type":"page","link":"https:\/\/www.lindforsarkitekt.se\/?page_id=359","title":{"rendered":"G\u00f6teborg Energi Marieholm"},"content":{"rendered":"\n<p>Uppdraget bestod i att utreda m\u00f6jligheter till samlokalisering av olika verksamheter inom GE och ta fram skisser f\u00f6r ut\u00f6kad kontorsverksamhet p\u00e5 G\u00f6teborg Energis anl\u00e4ggning i Marieholm. Uppdraget innefattade \u00e4ven bygg- och inredningsprojektering. Anl\u00e4ggningen omfattar flera byggnader med verkst\u00e4der, f\u00f6rr\u00e5d, garage och kontor. M\u00f6jligheten att bygga ut eller bygga p\u00e5 huvudbyggnaden alternativt bygga om n\u00e5gon av de \u00f6vriga byggnaderna utreddes. Man valde att bygga p\u00e5 befintlig huvudbyggnad med en v\u00e5ning. Verkst\u00e4der och garage flyttades bort fr\u00e5n personalbyggnaden och omplacerades i andra byggnaderna p\u00e5 omr\u00e5det. Efter ombyggnaden inne h\u00e5ller huvudbyggnaden kontor, omkl\u00e4dningsrum och lunchrum f\u00f6r enheten Service EL, 110 personer i \u00f6ppna kontorsl\u00f6sningar.<\/p>\n\n\n\n<p>Utmaningen i projektet l\u00e5g i att utifr\u00e5n husets befintliga struktur som stomme, trapphus, skyddsrum, tegelfasad, pl\u00e5tfasad etc skapa en v\u00e4lfungerande och estetiskt tilltalande byggnad, samt att inf\u00f6ra flexibla \u00f6ppna kontorsl\u00f6sningar f\u00f6r personal som tidigare arbetat i cellkontorsl\u00f6sningar. Bef byggnad var redan tidigare p\u00e5byggd med en v\u00e5ning. Fasaden bestod av r\u00f6tt tegel samt trapetskorrugerad gul pl\u00e5t. Nya och gamla p\u00e5byggnader kl\u00e4ddes med m\u00f6rk silverf\u00e4rgad sinusformad pl\u00e5t och det r\u00f6da teglet s\u00e4ckskurades med gr\u00e5tt fogbruk.<\/p>\n\n\n\n<figure class=\"wp-block-image size-full\"><img loading=\"lazy\" decoding=\"async\" width=\"709\" height=\"337\" src=\"https:\/\/www.lindforsarkitekt.se\/wp-content\/uploads\/2024\/08\/Fasad_ny.jpg\" alt=\"\" class=\"wp-image-360\" srcset=\"https:\/\/www.lindforsarkitekt.se\/wp-content\/uploads\/2024\/08\/Fasad_ny.jpg 709w, https:\/\/www.lindforsarkitekt.se\/wp-content\/uploads\/2024\/08\/Fasad_ny-300x143.jpg 300w, https:\/\/www.lindforsarkitekt.se\/wp-content\/uploads\/2024\/08\/Fasad_ny-600x285.jpg 600w\" sizes=\"auto, (max-width: 709px) 100vw, 709px\" \/><\/figure>\n\n\n\n<figure class=\"wp-block-image size-full\"><img loading=\"lazy\" decoding=\"async\" width=\"709\" height=\"472\" src=\"https:\/\/www.lindforsarkitekt.se\/wp-content\/uploads\/2024\/08\/Befintligt_Marieholm.jpg\" alt=\"\" class=\"wp-image-364\" srcset=\"https:\/\/www.lindforsarkitekt.se\/wp-content\/uploads\/2024\/08\/Befintligt_Marieholm.jpg 709w, https:\/\/www.lindforsarkitekt.se\/wp-content\/uploads\/2024\/08\/Befintligt_Marieholm-300x200.jpg 300w, https:\/\/www.lindforsarkitekt.se\/wp-content\/uploads\/2024\/08\/Befintligt_Marieholm-600x399.jpg 600w\" sizes=\"auto, (max-width: 709px) 100vw, 709px\" \/><\/figure>\n","protected":false},"excerpt":{"rendered":"<p>Uppdraget bestod i att utreda m\u00f6jligheter till samlokalisering av olika verksamheter inom GE och ta fram skisser f\u00f6r ut\u00f6kad kontorsverksamhet p\u00e5 G\u00f6teborg Energis anl\u00e4ggning i Marieholm. Uppdraget innefattade \u00e4ven bygg- och inredningsprojektering. Anl\u00e4ggningen omfattar flera byggnader med verkst\u00e4der, f\u00f6rr\u00e5d, garage och kontor. M\u00f6jligheten att bygga ut eller bygga p\u00e5 huvudbyggnaden alternativt bygga om n\u00e5gon av &hellip; <\/p>\n<p class=\"link-more\"><a href=\"https:\/\/www.lindforsarkitekt.se\/?page_id=359\" class=\"more-link\">L\u00e4s mer<span class=\"screen-reader-text\"> \u201dG\u00f6teborg Energi Marieholm\u201d<\/span><\/a><\/p>\n","protected":false},"author":1,"featured_media":0,"parent":0,"menu_order":0,"comment_status":"closed","ping_status":"closed","template":"","meta":{"_monsterinsights_skip_tracking":false,"_monsterinsights_sitenote_active":false,"_monsterinsights_sitenote_note":"","_monsterinsights_sitenote_category":0,"footnotes":""},"class_list":["post-359","page","type-page","status-publish","hentry"],"yoast_head":"<!-- This site is optimized with the Yoast SEO plugin v27.5 - https:\/\/yoast.com\/product\/yoast-seo-wordpress\/ -->\n<title>G\u00f6teborg Energi Marieholm - Lindfors Arkitektkontor AB<\/title>\n<meta name=\"robots\" content=\"index, follow, max-snippet:-1, max-image-preview:large, max-video-preview:-1\" \/>\n<link rel=\"canonical\" href=\"https:\/\/www.lindforsarkitekt.se\/?page_id=359\" \/>\n<meta property=\"og:locale\" content=\"sv_SE\" \/>\n<meta property=\"og:type\" content=\"article\" \/>\n<meta property=\"og:title\" content=\"G\u00f6teborg Energi Marieholm - Lindfors Arkitektkontor AB\" \/>\n<meta property=\"og:description\" content=\"Uppdraget bestod i att utreda m\u00f6jligheter till samlokalisering av olika verksamheter inom GE och ta fram skisser f\u00f6r ut\u00f6kad kontorsverksamhet p\u00e5 G\u00f6teborg Energis anl\u00e4ggning i Marieholm. Uppdraget innefattade \u00e4ven bygg- och inredningsprojektering. Anl\u00e4ggningen omfattar flera byggnader med verkst\u00e4der, f\u00f6rr\u00e5d, garage och kontor. M\u00f6jligheten att bygga ut eller bygga p\u00e5 huvudbyggnaden alternativt bygga om n\u00e5gon av &hellip; L\u00e4s mer \u201dG\u00f6teborg Energi Marieholm\u201d\" \/>\n<meta property=\"og:url\" content=\"https:\/\/www.lindforsarkitekt.se\/?page_id=359\" \/>\n<meta property=\"og:site_name\" content=\"Lindfors Arkitektkontor AB\" \/>\n<meta property=\"article:modified_time\" content=\"2024-08-28T07:05:04+00:00\" \/>\n<meta property=\"og:image\" content=\"https:\/\/www.lindforsarkitekt.se\/wp-content\/uploads\/2024\/08\/Fasad_ny.jpg\" \/>\n<meta name=\"twitter:card\" content=\"summary_large_image\" \/>\n<meta name=\"twitter:label1\" content=\"Ber\u00e4knad l\u00e4stid\" \/>\n\t<meta name=\"twitter:data1\" content=\"2 minuter\" \/>\n<script type=\"application\/ld+json\" class=\"yoast-schema-graph\">{\"@context\":\"https:\\\/\\\/schema.org\",\"@graph\":[{\"@type\":\"WebPage\",\"@id\":\"https:\\\/\\\/www.lindforsarkitekt.se\\\/?page_id=359\",\"url\":\"https:\\\/\\\/www.lindforsarkitekt.se\\\/?page_id=359\",\"name\":\"G\u00f6teborg Energi Marieholm - Lindfors Arkitektkontor AB\",\"isPartOf\":{\"@id\":\"https:\\\/\\\/www.lindforsarkitekt.se\\\/#website\"},\"primaryImageOfPage\":{\"@id\":\"https:\\\/\\\/www.lindforsarkitekt.se\\\/?page_id=359#primaryimage\"},\"image\":{\"@id\":\"https:\\\/\\\/www.lindforsarkitekt.se\\\/?page_id=359#primaryimage\"},\"thumbnailUrl\":\"https:\\\/\\\/www.lindforsarkitekt.se\\\/wp-content\\\/uploads\\\/2024\\\/08\\\/Fasad_ny.jpg\",\"datePublished\":\"2024-08-28T06:55:35+00:00\",\"dateModified\":\"2024-08-28T07:05:04+00:00\",\"breadcrumb\":{\"@id\":\"https:\\\/\\\/www.lindforsarkitekt.se\\\/?page_id=359#breadcrumb\"},\"inLanguage\":\"sv-SE\",\"potentialAction\":[{\"@type\":\"ReadAction\",\"target\":[\"https:\\\/\\\/www.lindforsarkitekt.se\\\/?page_id=359\"]}]},{\"@type\":\"ImageObject\",\"inLanguage\":\"sv-SE\",\"@id\":\"https:\\\/\\\/www.lindforsarkitekt.se\\\/?page_id=359#primaryimage\",\"url\":\"https:\\\/\\\/www.lindforsarkitekt.se\\\/wp-content\\\/uploads\\\/2024\\\/08\\\/Fasad_ny.jpg\",\"contentUrl\":\"https:\\\/\\\/www.lindforsarkitekt.se\\\/wp-content\\\/uploads\\\/2024\\\/08\\\/Fasad_ny.jpg\",\"width\":709,\"height\":337},{\"@type\":\"BreadcrumbList\",\"@id\":\"https:\\\/\\\/www.lindforsarkitekt.se\\\/?page_id=359#breadcrumb\",\"itemListElement\":[{\"@type\":\"ListItem\",\"position\":1,\"name\":\"Home\",\"item\":\"https:\\\/\\\/www.lindforsarkitekt.se\\\/\"},{\"@type\":\"ListItem\",\"position\":2,\"name\":\"G\u00f6teborg Energi Marieholm\"}]},{\"@type\":\"WebSite\",\"@id\":\"https:\\\/\\\/www.lindforsarkitekt.se\\\/#website\",\"url\":\"https:\\\/\\\/www.lindforsarkitekt.se\\\/\",\"name\":\"Lindfors Arkitektkontor AB\",\"description\":\"\",\"publisher\":{\"@id\":\"https:\\\/\\\/www.lindforsarkitekt.se\\\/#organization\"},\"potentialAction\":[{\"@type\":\"SearchAction\",\"target\":{\"@type\":\"EntryPoint\",\"urlTemplate\":\"https:\\\/\\\/www.lindforsarkitekt.se\\\/?s={search_term_string}\"},\"query-input\":{\"@type\":\"PropertyValueSpecification\",\"valueRequired\":true,\"valueName\":\"search_term_string\"}}],\"inLanguage\":\"sv-SE\"},{\"@type\":\"Organization\",\"@id\":\"https:\\\/\\\/www.lindforsarkitekt.se\\\/#organization\",\"name\":\"Lindfors Arkitektkontor AB\",\"url\":\"https:\\\/\\\/www.lindforsarkitekt.se\\\/\",\"logo\":{\"@type\":\"ImageObject\",\"inLanguage\":\"sv-SE\",\"@id\":\"https:\\\/\\\/www.lindforsarkitekt.se\\\/#\\\/schema\\\/logo\\\/image\\\/\",\"url\":\"https:\\\/\\\/www.lindforsarkitekt.se\\\/wp-content\\\/uploads\\\/2024\\\/08\\\/Lindfors-logo_vit_utan-linje.png\",\"contentUrl\":\"https:\\\/\\\/www.lindforsarkitekt.se\\\/wp-content\\\/uploads\\\/2024\\\/08\\\/Lindfors-logo_vit_utan-linje.png\",\"width\":5942,\"height\":1226,\"caption\":\"Lindfors Arkitektkontor AB\"},\"image\":{\"@id\":\"https:\\\/\\\/www.lindforsarkitekt.se\\\/#\\\/schema\\\/logo\\\/image\\\/\"}}]}<\/script>\n<!-- \/ Yoast SEO plugin. -->","yoast_head_json":{"title":"G\u00f6teborg Energi Marieholm - Lindfors Arkitektkontor AB","robots":{"index":"index","follow":"follow","max-snippet":"max-snippet:-1","max-image-preview":"max-image-preview:large","max-video-preview":"max-video-preview:-1"},"canonical":"https:\/\/www.lindforsarkitekt.se\/?page_id=359","og_locale":"sv_SE","og_type":"article","og_title":"G\u00f6teborg Energi Marieholm - Lindfors Arkitektkontor AB","og_description":"Uppdraget bestod i att utreda m\u00f6jligheter till samlokalisering av olika verksamheter inom GE och ta fram skisser f\u00f6r ut\u00f6kad kontorsverksamhet p\u00e5 G\u00f6teborg Energis anl\u00e4ggning i Marieholm. Uppdraget innefattade \u00e4ven bygg- och inredningsprojektering. Anl\u00e4ggningen omfattar flera byggnader med verkst\u00e4der, f\u00f6rr\u00e5d, garage och kontor. M\u00f6jligheten att bygga ut eller bygga p\u00e5 huvudbyggnaden alternativt bygga om n\u00e5gon av &hellip; L\u00e4s mer \u201dG\u00f6teborg Energi Marieholm\u201d","og_url":"https:\/\/www.lindforsarkitekt.se\/?page_id=359","og_site_name":"Lindfors Arkitektkontor AB","article_modified_time":"2024-08-28T07:05:04+00:00","og_image":[{"url":"https:\/\/www.lindforsarkitekt.se\/wp-content\/uploads\/2024\/08\/Fasad_ny.jpg","type":"","width":"","height":""}],"twitter_card":"summary_large_image","twitter_misc":{"Ber\u00e4knad l\u00e4stid":"2 minuter"},"schema":{"@context":"https:\/\/schema.org","@graph":[{"@type":"WebPage","@id":"https:\/\/www.lindforsarkitekt.se\/?page_id=359","url":"https:\/\/www.lindforsarkitekt.se\/?page_id=359","name":"G\u00f6teborg Energi Marieholm - Lindfors Arkitektkontor AB","isPartOf":{"@id":"https:\/\/www.lindforsarkitekt.se\/#website"},"primaryImageOfPage":{"@id":"https:\/\/www.lindforsarkitekt.se\/?page_id=359#primaryimage"},"image":{"@id":"https:\/\/www.lindforsarkitekt.se\/?page_id=359#primaryimage"},"thumbnailUrl":"https:\/\/www.lindforsarkitekt.se\/wp-content\/uploads\/2024\/08\/Fasad_ny.jpg","datePublished":"2024-08-28T06:55:35+00:00","dateModified":"2024-08-28T07:05:04+00:00","breadcrumb":{"@id":"https:\/\/www.lindforsarkitekt.se\/?page_id=359#breadcrumb"},"inLanguage":"sv-SE","potentialAction":[{"@type":"ReadAction","target":["https:\/\/www.lindforsarkitekt.se\/?page_id=359"]}]},{"@type":"ImageObject","inLanguage":"sv-SE","@id":"https:\/\/www.lindforsarkitekt.se\/?page_id=359#primaryimage","url":"https:\/\/www.lindforsarkitekt.se\/wp-content\/uploads\/2024\/08\/Fasad_ny.jpg","contentUrl":"https:\/\/www.lindforsarkitekt.se\/wp-content\/uploads\/2024\/08\/Fasad_ny.jpg","width":709,"height":337},{"@type":"BreadcrumbList","@id":"https:\/\/www.lindforsarkitekt.se\/?page_id=359#breadcrumb","itemListElement":[{"@type":"ListItem","position":1,"name":"Home","item":"https:\/\/www.lindforsarkitekt.se\/"},{"@type":"ListItem","position":2,"name":"G\u00f6teborg Energi Marieholm"}]},{"@type":"WebSite","@id":"https:\/\/www.lindforsarkitekt.se\/#website","url":"https:\/\/www.lindforsarkitekt.se\/","name":"Lindfors Arkitektkontor AB","description":"","publisher":{"@id":"https:\/\/www.lindforsarkitekt.se\/#organization"},"potentialAction":[{"@type":"SearchAction","target":{"@type":"EntryPoint","urlTemplate":"https:\/\/www.lindforsarkitekt.se\/?s={search_term_string}"},"query-input":{"@type":"PropertyValueSpecification","valueRequired":true,"valueName":"search_term_string"}}],"inLanguage":"sv-SE"},{"@type":"Organization","@id":"https:\/\/www.lindforsarkitekt.se\/#organization","name":"Lindfors Arkitektkontor AB","url":"https:\/\/www.lindforsarkitekt.se\/","logo":{"@type":"ImageObject","inLanguage":"sv-SE","@id":"https:\/\/www.lindforsarkitekt.se\/#\/schema\/logo\/image\/","url":"https:\/\/www.lindforsarkitekt.se\/wp-content\/uploads\/2024\/08\/Lindfors-logo_vit_utan-linje.png","contentUrl":"https:\/\/www.lindforsarkitekt.se\/wp-content\/uploads\/2024\/08\/Lindfors-logo_vit_utan-linje.png","width":5942,"height":1226,"caption":"Lindfors Arkitektkontor AB"},"image":{"@id":"https:\/\/www.lindforsarkitekt.se\/#\/schema\/logo\/image\/"}}]}},"featured_media_urls":[],"_links":{"self":[{"href":"https:\/\/www.lindforsarkitekt.se\/index.php?rest_route=\/wp\/v2\/pages\/359","targetHints":{"allow":["GET"]}}],"collection":[{"href":"https:\/\/www.lindforsarkitekt.se\/index.php?rest_route=\/wp\/v2\/pages"}],"about":[{"href":"https:\/\/www.lindforsarkitekt.se\/index.php?rest_route=\/wp\/v2\/types\/page"}],"author":[{"embeddable":true,"href":"https:\/\/www.lindforsarkitekt.se\/index.php?rest_route=\/wp\/v2\/users\/1"}],"replies":[{"embeddable":true,"href":"https:\/\/www.lindforsarkitekt.se\/index.php?rest_route=%2Fwp%2Fv2%2Fcomments&post=359"}],"version-history":[{"count":3,"href":"https:\/\/www.lindforsarkitekt.se\/index.php?rest_route=\/wp\/v2\/pages\/359\/revisions"}],"predecessor-version":[{"id":366,"href":"https:\/\/www.lindforsarkitekt.se\/index.php?rest_route=\/wp\/v2\/pages\/359\/revisions\/366"}],"wp:attachment":[{"href":"https:\/\/www.lindforsarkitekt.se\/index.php?rest_route=%2Fwp%2Fv2%2Fmedia&parent=359"}],"curies":[{"name":"wp","href":"https:\/\/api.w.org\/{rel}","templated":true}]}}