{"id":216,"date":"2024-08-27T16:01:04","date_gmt":"2024-08-27T14:01:04","guid":{"rendered":"https:\/\/www.lindforsarkitekt.se\/?page_id=216"},"modified":"2024-09-02T10:19:59","modified_gmt":"2024-09-02T08:19:59","slug":"kungalvs-stadshus","status":"publish","type":"page","link":"https:\/\/www.lindforsarkitekt.se\/?page_id=216","title":{"rendered":"Kung\u00e4lvs Stadshus"},"content":{"rendered":"\n<p>Kung\u00e4lvs Stadshus har genomg\u00e5tt en total ombyggnad samt byggts p\u00e5. Kontoret \u00e4r helt aktivitetsbaserat med 430 arbetsplatser och ca 600 personer som jobbar i huset. Huset inneh\u00e5ller \u00e4ven offentliga lokaler i form av kundmottagning och m\u00f6tesrum f\u00f6r brukare, ljusg\u00e5rd med utst\u00e4llningsytor och kommunal info samt sessionssal f\u00f6r kommunfullm\u00e4ktige.<\/p>\n\n\n\n<p>Lindfors Arkitektkontor har arbetat med projektet 2011-2015 och gjort f\u00f6rstudier, lokalplanering, inredningslayouter, inredningskoncept och f\u00e4rgs\u00e4ttning samt medverkat i upphandlingen av inredning. Tengboms Arkitekter har st\u00e5tt f\u00f6r utv\u00e4ndig utformning och byggprojektering.<\/p>\n\n\n\n<p>Projektet b\u00f6rjade med \u00f6nskem\u00e5let om ett traditionellt kontor med en blandning av cellkontor och \u00f6ppna ytor. 2012 \u00e4ndrades f\u00f6ruts\u00e4ttningarna radikalt d\u00e5 ledningsgruppen beslutade att man ville ha ett modernt kontor d\u00e4r man skulle arbeta helt aktivitetsbaserat, utan fasta arbetsplatser.<\/p>\n\n\n\n<p>Lindfors Arkitektkontor har arbetat i dialog med verksamheten f\u00f6r att hitta en \u201cverktygsl\u00e5da\u201d, med olika typer av arbetsmilj\u00f6er, rum, m\u00f6bleringsl\u00f6sningar mm som kan tillgodose de differentierade behov som finns bland Stadshusets anst\u00e4llda.<\/p>\n\n\n\n<p><\/p>\n\n\n\n<figure class=\"wp-block-image size-large\"><img decoding=\"async\" src=\"https:\/\/www.lindforsarkitekt.se\/wp-content\/uploads\/2024\/08\/Anlita_arkitekt_Lindfors_Kungalv_stadshus_5-1024x682.jpg\" alt=\"\" class=\"wp-image-40\"\/><figcaption class=\"wp-element-caption\">Kung\u00e4lvs Stadshus<\/figcaption><\/figure>\n\n\n\n<figure class=\"wp-block-image size-large is-resized\"><img decoding=\"async\" src=\"https:\/\/www.lindforsarkitekt.se\/wp-content\/uploads\/2024\/08\/cropped-Anlita_arkitekt_Lindfors_Kungalv_stadshus_3-1024x614.jpg\" alt=\"\" class=\"wp-image-226\" style=\"width:674px;height:auto\"\/><\/figure>\n\n\n\n<figure class=\"wp-block-gallery has-nested-images columns-default is-cropped wp-block-gallery-1 is-layout-flex wp-block-gallery-is-layout-flex\">\n<figure class=\"wp-block-image size-large\"><img loading=\"lazy\" decoding=\"async\" width=\"1024\" height=\"682\" data-id=\"288\" src=\"https:\/\/www.lindforsarkitekt.se\/wp-content\/uploads\/2024\/08\/Anlita_arkitekt_Lindfors_Kungalv_stadshus_4-1-1024x682.jpg\" alt=\"\" class=\"wp-image-288\" srcset=\"https:\/\/www.lindforsarkitekt.se\/wp-content\/uploads\/2024\/08\/Anlita_arkitekt_Lindfors_Kungalv_stadshus_4-1-1024x682.jpg 1024w, https:\/\/www.lindforsarkitekt.se\/wp-content\/uploads\/2024\/08\/Anlita_arkitekt_Lindfors_Kungalv_stadshus_4-1-300x200.jpg 300w, https:\/\/www.lindforsarkitekt.se\/wp-content\/uploads\/2024\/08\/Anlita_arkitekt_Lindfors_Kungalv_stadshus_4-1-768x512.jpg 768w, https:\/\/www.lindforsarkitekt.se\/wp-content\/uploads\/2024\/08\/Anlita_arkitekt_Lindfors_Kungalv_stadshus_4-1-1536x1024.jpg 1536w, https:\/\/www.lindforsarkitekt.se\/wp-content\/uploads\/2024\/08\/Anlita_arkitekt_Lindfors_Kungalv_stadshus_4-1-600x400.jpg 600w, https:\/\/www.lindforsarkitekt.se\/wp-content\/uploads\/2024\/08\/Anlita_arkitekt_Lindfors_Kungalv_stadshus_4-1-1200x800.jpg 1200w, https:\/\/www.lindforsarkitekt.se\/wp-content\/uploads\/2024\/08\/Anlita_arkitekt_Lindfors_Kungalv_stadshus_4-1.jpg 2000w\" sizes=\"auto, (max-width: 1024px) 100vw, 1024px\" \/><\/figure>\n<\/figure>\n\n\n\n<figure class=\"wp-block-image size-large\"><img loading=\"lazy\" decoding=\"async\" width=\"1024\" height=\"705\" src=\"https:\/\/www.lindforsarkitekt.se\/wp-content\/uploads\/2024\/08\/Anlita_arkitekt_Lindfors_Kungalv_stadshus_1-1-1024x705.jpg\" alt=\"\" class=\"wp-image-289\" srcset=\"https:\/\/www.lindforsarkitekt.se\/wp-content\/uploads\/2024\/08\/Anlita_arkitekt_Lindfors_Kungalv_stadshus_1-1-1024x705.jpg 1024w, https:\/\/www.lindforsarkitekt.se\/wp-content\/uploads\/2024\/08\/Anlita_arkitekt_Lindfors_Kungalv_stadshus_1-1-300x207.jpg 300w, https:\/\/www.lindforsarkitekt.se\/wp-content\/uploads\/2024\/08\/Anlita_arkitekt_Lindfors_Kungalv_stadshus_1-1-768x529.jpg 768w, https:\/\/www.lindforsarkitekt.se\/wp-content\/uploads\/2024\/08\/Anlita_arkitekt_Lindfors_Kungalv_stadshus_1-1-1536x1058.jpg 1536w, https:\/\/www.lindforsarkitekt.se\/wp-content\/uploads\/2024\/08\/Anlita_arkitekt_Lindfors_Kungalv_stadshus_1-1-600x413.jpg 600w, https:\/\/www.lindforsarkitekt.se\/wp-content\/uploads\/2024\/08\/Anlita_arkitekt_Lindfors_Kungalv_stadshus_1-1-1200x827.jpg 1200w, https:\/\/www.lindforsarkitekt.se\/wp-content\/uploads\/2024\/08\/Anlita_arkitekt_Lindfors_Kungalv_stadshus_1-1.jpg 1935w\" sizes=\"auto, (max-width: 1024px) 100vw, 1024px\" \/><\/figure>\n\n\n\n<figure class=\"wp-block-image size-large\"><img loading=\"lazy\" decoding=\"async\" width=\"1024\" height=\"724\" src=\"https:\/\/www.lindforsarkitekt.se\/wp-content\/uploads\/2024\/08\/Anlita_arkitekt_Lindfors_Kungalv_stadshus_15-1024x724.jpg\" alt=\"\" class=\"wp-image-290\" srcset=\"https:\/\/www.lindforsarkitekt.se\/wp-content\/uploads\/2024\/08\/Anlita_arkitekt_Lindfors_Kungalv_stadshus_15-1024x724.jpg 1024w, https:\/\/www.lindforsarkitekt.se\/wp-content\/uploads\/2024\/08\/Anlita_arkitekt_Lindfors_Kungalv_stadshus_15-300x212.jpg 300w, https:\/\/www.lindforsarkitekt.se\/wp-content\/uploads\/2024\/08\/Anlita_arkitekt_Lindfors_Kungalv_stadshus_15-768x543.jpg 768w, https:\/\/www.lindforsarkitekt.se\/wp-content\/uploads\/2024\/08\/Anlita_arkitekt_Lindfors_Kungalv_stadshus_15-1536x1086.jpg 1536w, https:\/\/www.lindforsarkitekt.se\/wp-content\/uploads\/2024\/08\/Anlita_arkitekt_Lindfors_Kungalv_stadshus_15-600x424.jpg 600w, https:\/\/www.lindforsarkitekt.se\/wp-content\/uploads\/2024\/08\/Anlita_arkitekt_Lindfors_Kungalv_stadshus_15-1200x848.jpg 1200w, https:\/\/www.lindforsarkitekt.se\/wp-content\/uploads\/2024\/08\/Anlita_arkitekt_Lindfors_Kungalv_stadshus_15.jpg 2000w\" sizes=\"auto, (max-width: 1024px) 100vw, 1024px\" \/><\/figure>\n\n\n\n<figure class=\"wp-block-image size-large\"><img loading=\"lazy\" decoding=\"async\" width=\"1024\" height=\"724\" src=\"https:\/\/www.lindforsarkitekt.se\/wp-content\/uploads\/2024\/08\/Anlita_arkitekt_Lindfors_Kungalv_stadshus_16-1024x724.jpg\" alt=\"\" class=\"wp-image-291\" srcset=\"https:\/\/www.lindforsarkitekt.se\/wp-content\/uploads\/2024\/08\/Anlita_arkitekt_Lindfors_Kungalv_stadshus_16-1024x724.jpg 1024w, https:\/\/www.lindforsarkitekt.se\/wp-content\/uploads\/2024\/08\/Anlita_arkitekt_Lindfors_Kungalv_stadshus_16-300x212.jpg 300w, https:\/\/www.lindforsarkitekt.se\/wp-content\/uploads\/2024\/08\/Anlita_arkitekt_Lindfors_Kungalv_stadshus_16-768x543.jpg 768w, https:\/\/www.lindforsarkitekt.se\/wp-content\/uploads\/2024\/08\/Anlita_arkitekt_Lindfors_Kungalv_stadshus_16-1536x1086.jpg 1536w, https:\/\/www.lindforsarkitekt.se\/wp-content\/uploads\/2024\/08\/Anlita_arkitekt_Lindfors_Kungalv_stadshus_16-600x424.jpg 600w, https:\/\/www.lindforsarkitekt.se\/wp-content\/uploads\/2024\/08\/Anlita_arkitekt_Lindfors_Kungalv_stadshus_16-1200x848.jpg 1200w, https:\/\/www.lindforsarkitekt.se\/wp-content\/uploads\/2024\/08\/Anlita_arkitekt_Lindfors_Kungalv_stadshus_16.jpg 2000w\" sizes=\"auto, (max-width: 1024px) 100vw, 1024px\" \/><\/figure>\n","protected":false},"excerpt":{"rendered":"<p>Kung\u00e4lvs Stadshus har genomg\u00e5tt en total ombyggnad samt byggts p\u00e5. Kontoret \u00e4r helt aktivitetsbaserat med 430 arbetsplatser och ca 600 personer som jobbar i huset. Huset inneh\u00e5ller \u00e4ven offentliga lokaler i form av kundmottagning och m\u00f6tesrum f\u00f6r brukare, ljusg\u00e5rd med utst\u00e4llningsytor och kommunal info samt sessionssal f\u00f6r kommunfullm\u00e4ktige. Lindfors Arkitektkontor har arbetat med projektet 2011-2015 &hellip; <\/p>\n<p class=\"link-more\"><a href=\"https:\/\/www.lindforsarkitekt.se\/?page_id=216\" class=\"more-link\">L\u00e4s mer<span class=\"screen-reader-text\"> \u201dKung\u00e4lvs Stadshus\u201d<\/span><\/a><\/p>\n","protected":false},"author":1,"featured_media":611,"parent":0,"menu_order":0,"comment_status":"closed","ping_status":"closed","template":"","meta":{"_monsterinsights_skip_tracking":false,"_monsterinsights_sitenote_active":false,"_monsterinsights_sitenote_note":"","_monsterinsights_sitenote_category":0,"footnotes":""},"class_list":["post-216","page","type-page","status-publish","has-post-thumbnail","hentry"],"yoast_head":"<!-- This site is optimized with the Yoast SEO plugin v27.5 - https:\/\/yoast.com\/product\/yoast-seo-wordpress\/ -->\n<title>Kung\u00e4lvs Stadshus - Lindfors Arkitektkontor AB<\/title>\n<meta name=\"robots\" content=\"index, follow, max-snippet:-1, max-image-preview:large, max-video-preview:-1\" \/>\n<link rel=\"canonical\" href=\"https:\/\/www.lindforsarkitekt.se\/?page_id=216\" \/>\n<meta property=\"og:locale\" content=\"sv_SE\" \/>\n<meta property=\"og:type\" content=\"article\" \/>\n<meta property=\"og:title\" content=\"Kung\u00e4lvs Stadshus - Lindfors Arkitektkontor AB\" \/>\n<meta property=\"og:description\" content=\"Kung\u00e4lvs Stadshus har genomg\u00e5tt en total ombyggnad samt byggts p\u00e5. Kontoret \u00e4r helt aktivitetsbaserat med 430 arbetsplatser och ca 600 personer som jobbar i huset. Huset inneh\u00e5ller \u00e4ven offentliga lokaler i form av kundmottagning och m\u00f6tesrum f\u00f6r brukare, ljusg\u00e5rd med utst\u00e4llningsytor och kommunal info samt sessionssal f\u00f6r kommunfullm\u00e4ktige. Lindfors Arkitektkontor har arbetat med projektet 2011-2015 &hellip; L\u00e4s mer \u201dKung\u00e4lvs Stadshus\u201d\" \/>\n<meta property=\"og:url\" content=\"https:\/\/www.lindforsarkitekt.se\/?page_id=216\" \/>\n<meta property=\"og:site_name\" content=\"Lindfors Arkitektkontor AB\" \/>\n<meta property=\"article:modified_time\" content=\"2024-09-02T08:19:59+00:00\" \/>\n<meta property=\"og:image\" content=\"https:\/\/www.lindforsarkitekt.se\/wp-content\/uploads\/2024\/09\/Anlita_arkitekt_Lindfors_Kungalv_stadshus_20.jpg\" \/>\n\t<meta property=\"og:image:width\" content=\"1500\" \/>\n\t<meta property=\"og:image:height\" content=\"1028\" \/>\n\t<meta property=\"og:image:type\" content=\"image\/jpeg\" \/>\n<meta name=\"twitter:card\" content=\"summary_large_image\" \/>\n<meta name=\"twitter:label1\" content=\"Ber\u00e4knad l\u00e4stid\" \/>\n\t<meta name=\"twitter:data1\" content=\"3 minuter\" \/>\n<script type=\"application\/ld+json\" class=\"yoast-schema-graph\">{\"@context\":\"https:\\\/\\\/schema.org\",\"@graph\":[{\"@type\":\"WebPage\",\"@id\":\"https:\\\/\\\/www.lindforsarkitekt.se\\\/?page_id=216\",\"url\":\"https:\\\/\\\/www.lindforsarkitekt.se\\\/?page_id=216\",\"name\":\"Kung\u00e4lvs Stadshus - Lindfors Arkitektkontor AB\",\"isPartOf\":{\"@id\":\"https:\\\/\\\/www.lindforsarkitekt.se\\\/#website\"},\"primaryImageOfPage\":{\"@id\":\"https:\\\/\\\/www.lindforsarkitekt.se\\\/?page_id=216#primaryimage\"},\"image\":{\"@id\":\"https:\\\/\\\/www.lindforsarkitekt.se\\\/?page_id=216#primaryimage\"},\"thumbnailUrl\":\"https:\\\/\\\/www.lindforsarkitekt.se\\\/wp-content\\\/uploads\\\/2024\\\/09\\\/Anlita_arkitekt_Lindfors_Kungalv_stadshus_20.jpg\",\"datePublished\":\"2024-08-27T14:01:04+00:00\",\"dateModified\":\"2024-09-02T08:19:59+00:00\",\"breadcrumb\":{\"@id\":\"https:\\\/\\\/www.lindforsarkitekt.se\\\/?page_id=216#breadcrumb\"},\"inLanguage\":\"sv-SE\",\"potentialAction\":[{\"@type\":\"ReadAction\",\"target\":[\"https:\\\/\\\/www.lindforsarkitekt.se\\\/?page_id=216\"]}]},{\"@type\":\"ImageObject\",\"inLanguage\":\"sv-SE\",\"@id\":\"https:\\\/\\\/www.lindforsarkitekt.se\\\/?page_id=216#primaryimage\",\"url\":\"https:\\\/\\\/www.lindforsarkitekt.se\\\/wp-content\\\/uploads\\\/2024\\\/09\\\/Anlita_arkitekt_Lindfors_Kungalv_stadshus_20.jpg\",\"contentUrl\":\"https:\\\/\\\/www.lindforsarkitekt.se\\\/wp-content\\\/uploads\\\/2024\\\/09\\\/Anlita_arkitekt_Lindfors_Kungalv_stadshus_20.jpg\",\"width\":1500,\"height\":1028},{\"@type\":\"BreadcrumbList\",\"@id\":\"https:\\\/\\\/www.lindforsarkitekt.se\\\/?page_id=216#breadcrumb\",\"itemListElement\":[{\"@type\":\"ListItem\",\"position\":1,\"name\":\"Home\",\"item\":\"https:\\\/\\\/www.lindforsarkitekt.se\\\/\"},{\"@type\":\"ListItem\",\"position\":2,\"name\":\"Kung\u00e4lvs Stadshus\"}]},{\"@type\":\"WebSite\",\"@id\":\"https:\\\/\\\/www.lindforsarkitekt.se\\\/#website\",\"url\":\"https:\\\/\\\/www.lindforsarkitekt.se\\\/\",\"name\":\"Lindfors Arkitektkontor AB\",\"description\":\"\",\"publisher\":{\"@id\":\"https:\\\/\\\/www.lindforsarkitekt.se\\\/#organization\"},\"potentialAction\":[{\"@type\":\"SearchAction\",\"target\":{\"@type\":\"EntryPoint\",\"urlTemplate\":\"https:\\\/\\\/www.lindforsarkitekt.se\\\/?s={search_term_string}\"},\"query-input\":{\"@type\":\"PropertyValueSpecification\",\"valueRequired\":true,\"valueName\":\"search_term_string\"}}],\"inLanguage\":\"sv-SE\"},{\"@type\":\"Organization\",\"@id\":\"https:\\\/\\\/www.lindforsarkitekt.se\\\/#organization\",\"name\":\"Lindfors Arkitektkontor AB\",\"url\":\"https:\\\/\\\/www.lindforsarkitekt.se\\\/\",\"logo\":{\"@type\":\"ImageObject\",\"inLanguage\":\"sv-SE\",\"@id\":\"https:\\\/\\\/www.lindforsarkitekt.se\\\/#\\\/schema\\\/logo\\\/image\\\/\",\"url\":\"https:\\\/\\\/www.lindforsarkitekt.se\\\/wp-content\\\/uploads\\\/2024\\\/08\\\/Lindfors-logo_vit_utan-linje.png\",\"contentUrl\":\"https:\\\/\\\/www.lindforsarkitekt.se\\\/wp-content\\\/uploads\\\/2024\\\/08\\\/Lindfors-logo_vit_utan-linje.png\",\"width\":5942,\"height\":1226,\"caption\":\"Lindfors Arkitektkontor AB\"},\"image\":{\"@id\":\"https:\\\/\\\/www.lindforsarkitekt.se\\\/#\\\/schema\\\/logo\\\/image\\\/\"}}]}<\/script>\n<!-- \/ Yoast SEO plugin. -->","yoast_head_json":{"title":"Kung\u00e4lvs Stadshus - Lindfors Arkitektkontor AB","robots":{"index":"index","follow":"follow","max-snippet":"max-snippet:-1","max-image-preview":"max-image-preview:large","max-video-preview":"max-video-preview:-1"},"canonical":"https:\/\/www.lindforsarkitekt.se\/?page_id=216","og_locale":"sv_SE","og_type":"article","og_title":"Kung\u00e4lvs Stadshus - Lindfors Arkitektkontor AB","og_description":"Kung\u00e4lvs Stadshus har genomg\u00e5tt en total ombyggnad samt byggts p\u00e5. Kontoret \u00e4r helt aktivitetsbaserat med 430 arbetsplatser och ca 600 personer som jobbar i huset. Huset inneh\u00e5ller \u00e4ven offentliga lokaler i form av kundmottagning och m\u00f6tesrum f\u00f6r brukare, ljusg\u00e5rd med utst\u00e4llningsytor och kommunal info samt sessionssal f\u00f6r kommunfullm\u00e4ktige. Lindfors Arkitektkontor har arbetat med projektet 2011-2015 &hellip; L\u00e4s mer \u201dKung\u00e4lvs Stadshus\u201d","og_url":"https:\/\/www.lindforsarkitekt.se\/?page_id=216","og_site_name":"Lindfors Arkitektkontor AB","article_modified_time":"2024-09-02T08:19:59+00:00","og_image":[{"width":1500,"height":1028,"url":"https:\/\/www.lindforsarkitekt.se\/wp-content\/uploads\/2024\/09\/Anlita_arkitekt_Lindfors_Kungalv_stadshus_20.jpg","type":"image\/jpeg"}],"twitter_card":"summary_large_image","twitter_misc":{"Ber\u00e4knad l\u00e4stid":"3 minuter"},"schema":{"@context":"https:\/\/schema.org","@graph":[{"@type":"WebPage","@id":"https:\/\/www.lindforsarkitekt.se\/?page_id=216","url":"https:\/\/www.lindforsarkitekt.se\/?page_id=216","name":"Kung\u00e4lvs Stadshus - Lindfors Arkitektkontor AB","isPartOf":{"@id":"https:\/\/www.lindforsarkitekt.se\/#website"},"primaryImageOfPage":{"@id":"https:\/\/www.lindforsarkitekt.se\/?page_id=216#primaryimage"},"image":{"@id":"https:\/\/www.lindforsarkitekt.se\/?page_id=216#primaryimage"},"thumbnailUrl":"https:\/\/www.lindforsarkitekt.se\/wp-content\/uploads\/2024\/09\/Anlita_arkitekt_Lindfors_Kungalv_stadshus_20.jpg","datePublished":"2024-08-27T14:01:04+00:00","dateModified":"2024-09-02T08:19:59+00:00","breadcrumb":{"@id":"https:\/\/www.lindforsarkitekt.se\/?page_id=216#breadcrumb"},"inLanguage":"sv-SE","potentialAction":[{"@type":"ReadAction","target":["https:\/\/www.lindforsarkitekt.se\/?page_id=216"]}]},{"@type":"ImageObject","inLanguage":"sv-SE","@id":"https:\/\/www.lindforsarkitekt.se\/?page_id=216#primaryimage","url":"https:\/\/www.lindforsarkitekt.se\/wp-content\/uploads\/2024\/09\/Anlita_arkitekt_Lindfors_Kungalv_stadshus_20.jpg","contentUrl":"https:\/\/www.lindforsarkitekt.se\/wp-content\/uploads\/2024\/09\/Anlita_arkitekt_Lindfors_Kungalv_stadshus_20.jpg","width":1500,"height":1028},{"@type":"BreadcrumbList","@id":"https:\/\/www.lindforsarkitekt.se\/?page_id=216#breadcrumb","itemListElement":[{"@type":"ListItem","position":1,"name":"Home","item":"https:\/\/www.lindforsarkitekt.se\/"},{"@type":"ListItem","position":2,"name":"Kung\u00e4lvs Stadshus"}]},{"@type":"WebSite","@id":"https:\/\/www.lindforsarkitekt.se\/#website","url":"https:\/\/www.lindforsarkitekt.se\/","name":"Lindfors Arkitektkontor AB","description":"","publisher":{"@id":"https:\/\/www.lindforsarkitekt.se\/#organization"},"potentialAction":[{"@type":"SearchAction","target":{"@type":"EntryPoint","urlTemplate":"https:\/\/www.lindforsarkitekt.se\/?s={search_term_string}"},"query-input":{"@type":"PropertyValueSpecification","valueRequired":true,"valueName":"search_term_string"}}],"inLanguage":"sv-SE"},{"@type":"Organization","@id":"https:\/\/www.lindforsarkitekt.se\/#organization","name":"Lindfors Arkitektkontor AB","url":"https:\/\/www.lindforsarkitekt.se\/","logo":{"@type":"ImageObject","inLanguage":"sv-SE","@id":"https:\/\/www.lindforsarkitekt.se\/#\/schema\/logo\/image\/","url":"https:\/\/www.lindforsarkitekt.se\/wp-content\/uploads\/2024\/08\/Lindfors-logo_vit_utan-linje.png","contentUrl":"https:\/\/www.lindforsarkitekt.se\/wp-content\/uploads\/2024\/08\/Lindfors-logo_vit_utan-linje.png","width":5942,"height":1226,"caption":"Lindfors Arkitektkontor AB"},"image":{"@id":"https:\/\/www.lindforsarkitekt.se\/#\/schema\/logo\/image\/"}}]}},"featured_media_urls":{"thumbnail":["https:\/\/www.lindforsarkitekt.se\/wp-content\/uploads\/2024\/09\/Anlita_arkitekt_Lindfors_Kungalv_stadshus_20-150x150.jpg",150,150,true],"medium":["https:\/\/www.lindforsarkitekt.se\/wp-content\/uploads\/2024\/09\/Anlita_arkitekt_Lindfors_Kungalv_stadshus_20-300x206.jpg",300,206,true],"medium_large":["https:\/\/www.lindforsarkitekt.se\/wp-content\/uploads\/2024\/09\/Anlita_arkitekt_Lindfors_Kungalv_stadshus_20.jpg",768,526,false],"large":["https:\/\/www.lindforsarkitekt.se\/wp-content\/uploads\/2024\/09\/Anlita_arkitekt_Lindfors_Kungalv_stadshus_20-1024x702.jpg",950,651,true],"1536x1536":["https:\/\/www.lindforsarkitekt.se\/wp-content\/uploads\/2024\/09\/Anlita_arkitekt_Lindfors_Kungalv_stadshus_20.jpg",1500,1028,false],"2048x2048":["https:\/\/www.lindforsarkitekt.se\/wp-content\/uploads\/2024\/09\/Anlita_arkitekt_Lindfors_Kungalv_stadshus_20.jpg",1500,1028,false],"inspiro-featured-image":["https:\/\/www.lindforsarkitekt.se\/wp-content\/uploads\/2024\/09\/Anlita_arkitekt_Lindfors_Kungalv_stadshus_20.jpg",1500,1028,false],"inspiro-loop":["https:\/\/www.lindforsarkitekt.se\/wp-content\/uploads\/2024\/09\/Anlita_arkitekt_Lindfors_Kungalv_stadshus_20-950x320.jpg",950,320,true],"inspiro-loop@2x":["https:\/\/www.lindforsarkitekt.se\/wp-content\/uploads\/2024\/09\/Anlita_arkitekt_Lindfors_Kungalv_stadshus_20-1500x640.jpg",1500,640,true],"portfolio_item-thumbnail":["https:\/\/www.lindforsarkitekt.se\/wp-content\/uploads\/2024\/09\/Anlita_arkitekt_Lindfors_Kungalv_stadshus_20-600x400.jpg",600,400,true],"portfolio_item-thumbnail@2x":["https:\/\/www.lindforsarkitekt.se\/wp-content\/uploads\/2024\/09\/Anlita_arkitekt_Lindfors_Kungalv_stadshus_20-1200x800.jpg",1200,800,true],"portfolio_item-masonry":["https:\/\/www.lindforsarkitekt.se\/wp-content\/uploads\/2024\/09\/Anlita_arkitekt_Lindfors_Kungalv_stadshus_20-600x411.jpg",600,411,true],"portfolio_item-masonry@2x":["https:\/\/www.lindforsarkitekt.se\/wp-content\/uploads\/2024\/09\/Anlita_arkitekt_Lindfors_Kungalv_stadshus_20-1200x822.jpg",1200,822,true],"portfolio_item-thumbnail_cinema":["https:\/\/www.lindforsarkitekt.se\/wp-content\/uploads\/2024\/09\/Anlita_arkitekt_Lindfors_Kungalv_stadshus_20-800x335.jpg",800,335,true],"portfolio_item-thumbnail_portrait":["https:\/\/www.lindforsarkitekt.se\/wp-content\/uploads\/2024\/09\/Anlita_arkitekt_Lindfors_Kungalv_stadshus_20-600x900.jpg",600,900,true],"portfolio_item-thumbnail_portrait@2x":["https:\/\/www.lindforsarkitekt.se\/wp-content\/uploads\/2024\/09\/Anlita_arkitekt_Lindfors_Kungalv_stadshus_20-1200x1028.jpg",1200,1028,true],"portfolio_item-thumbnail_square":["https:\/\/www.lindforsarkitekt.se\/wp-content\/uploads\/2024\/09\/Anlita_arkitekt_Lindfors_Kungalv_stadshus_20-800x800.jpg",800,800,true]},"_links":{"self":[{"href":"https:\/\/www.lindforsarkitekt.se\/index.php?rest_route=\/wp\/v2\/pages\/216","targetHints":{"allow":["GET"]}}],"collection":[{"href":"https:\/\/www.lindforsarkitekt.se\/index.php?rest_route=\/wp\/v2\/pages"}],"about":[{"href":"https:\/\/www.lindforsarkitekt.se\/index.php?rest_route=\/wp\/v2\/types\/page"}],"author":[{"embeddable":true,"href":"https:\/\/www.lindforsarkitekt.se\/index.php?rest_route=\/wp\/v2\/users\/1"}],"replies":[{"embeddable":true,"href":"https:\/\/www.lindforsarkitekt.se\/index.php?rest_route=%2Fwp%2Fv2%2Fcomments&post=216"}],"version-history":[{"count":5,"href":"https:\/\/www.lindforsarkitekt.se\/index.php?rest_route=\/wp\/v2\/pages\/216\/revisions"}],"predecessor-version":[{"id":612,"href":"https:\/\/www.lindforsarkitekt.se\/index.php?rest_route=\/wp\/v2\/pages\/216\/revisions\/612"}],"wp:featuredmedia":[{"embeddable":true,"href":"https:\/\/www.lindforsarkitekt.se\/index.php?rest_route=\/wp\/v2\/media\/611"}],"wp:attachment":[{"href":"https:\/\/www.lindforsarkitekt.se\/index.php?rest_route=%2Fwp%2Fv2%2Fmedia&parent=216"}],"curies":[{"name":"wp","href":"https:\/\/api.w.org\/{rel}","templated":true}]}}